est common factor of 29 and l?
29
Let w = -907 + 1083. Calculate the greatest common divisor of w and 304.
16
Let b = -11 - 73. Let p = -48 - b. What is the greatest common factor of 12 and p?
12
Let y = -31 + 27. Let s be ((-12)/(-18))/(y/(-18)). Let w(a) = -a**2 + 8*a + 3. Let u be w(8). Calculate the highest common divisor of u and s.
3
Let m(f) be the first derivative of -7*f**2/2 - 36*f - 9. Let r be m(-12). What is the highest common divisor of 16 and r?
16
Suppose -53*c = -58*c. Suppose c = 3*z - 2*z - 192. What is the greatest common factor of z and 24?
24
Let m be ((-4)/(-6))/((-1)/(-84)). Suppose 2*u = 2*a + u - 131, 0 = -a + 4*u + 83. Suppose -7 + a = 4*c. What is the greatest common divisor of c and m?
14
Suppose 2*o + 2 = -12. Let w = 5 - o. What is the greatest common factor of w and 108?
12
Suppose -3 = -3*v + 3. Let n be (v + -3)/(2/(-196)). Suppose u - 2*u + n = 4*s, 0 = 2*u - 4. Calculate the greatest common divisor of s and 216.
24
Let c(x) = -x - 2. Let f be c(-3). Suppose -4*n = -3*n - 4. Suppose -s + 8 + 5 = 3*g, 0 = n*g + 4*s - 20. Calculate the highest common divisor of g and f.
1
Let q(j) = -4*j - 4*j + 0*j + 3*j + 25. Let v be q(0). What is the highest common divisor of 15 and v?
5
Let p be 4/8 - 178/(-4). Suppose -4*a + p = 5*r - 5*a, -4*r + 2*a = -30. Let x = r - -3. What is the greatest common factor of 91 and x?
13
Let b = 59 - 54. Suppose l = 3*l + 4*s - 84, -b*l = -4*s - 168. Calculate the highest common factor of l and 24.
12
Let j(b) = 5*b**2 - 4*b. Let n be j(8). Let u = 88 + n. Let r = u + -266. What is the greatest common divisor of 10 and r?
10
Suppose -3*f + 680 = -343. Let z = 14 + -12. Suppose z*l + 6*h = 5*h + 62, -4*l + 4*h = -124. Calculate the greatest common divisor of l and f.
31
Let w = 198 + -168. Calculate the greatest common factor of 30 and w.
30
Let j = -5 - -4. Let m be j/((-2)/2) - -4. Suppose -2*v + 22 = 3*r - 25, m*v + 3*r - 104 = 0. What is the greatest common divisor of v and 171?
19
Let t(p) = -p**3 - 13*p**2 - 31*p + 14. Let z be t(-10). What is the highest common factor of 456 and z?
24
Suppose 0 = 7*i - 4*i - 120. What is the greatest common divisor of 8 and i?
8
Let d = 21 - 19. Suppose -4*v - 2*m + 22 = d, m = -4*v + 18. Suppose -4*t - v - 10 = -5*k, -2*k = -3*t. Calculate the greatest common divisor of k and 3.
3
Let g = 269 - 255. What is the highest common divisor of 14 and g?
14
Let w(f) = f**2 + 3*f - 6. Let y be w(-5). Suppose 0 = y*p - 3*p - 28. What is the highest common factor of p and 28?
28
Let u(n) = n**3 + 5*n**2 - n + 33. Let r be u(-6). Let x be (-3 + 0)/((-2)/6). Calculate the greatest common divisor of r and x.
3
Suppose -g + 195 = 4*d - 1, g = -d + 202. What is the greatest common divisor of g and 192?
12
Suppose -3*o = -2*o + 45. Let h = o + 51. What is the greatest common factor of 102 and h?
6
Let p = 346 - 203. Suppose -o + 19 = 64. Let x = -32 - o. What is the highest common factor of x and p?
13
Let h(w) = w**3 - 8*w**2 + 8*w - 9. Let o be h(7). Let j(k) = 3*k**2 + 3*k + 9. Let g be j(o). What is the greatest common factor of 15 and g?
15
Suppose 4*n = 3*d + 5, -4*n = -3*n - d. Let i = n - 13. Let g be 16*((-28)/i)/7. Calculate the highest common factor of 2 and g.
2
Let p(q) = -6*q**2 + 4 + 1 - q - 3 - 1. Let k be p(1). Let l be 28 + k + (2 - -1). What is the highest common divisor of 5 and l?
5
Let f be 2/(-2)*(0 + 1). Let t = 5 + f. Suppose -5*m + t = -3*m. Calculate the highest common divisor of 3 and m.
1
Let m be 3*((-4)/(-4) + 40/6). Calculate the greatest common factor of m and 184.
23
Let f = -1817 - -2979. Calculate the greatest common divisor of 42 and f.
14
Suppose -4*c + 3*c + 6 = 0. Suppose 0 = 5*g - 11 + c. What is the highest common factor of 4 and g?
1
Suppose 0 = 4*b - 2 - 6. Let z(o) = 2*o**2 - o - 1. Let d be z(2). Suppose -r - 8 = -5*m, 3*m - 3*r + 10 = d*m. What is the highest common factor of b and m?
2
Let m be (-30)/(-4)*(16/12 + 0). Suppose 0 = 15*s - m*s - 90. Calculate the highest common factor of 6 and s.
6
Let j be 2/(3230/460 + -7). What is the highest common divisor of j and 2208?
92
Let m be 28/21*9/3*1. Let l(n) = n + 19. Let g be l(m). Let r be 11*(-1 - -2*12). Calculate the highest common divisor of g and r.
23
Suppose 5*l = 5, 24*l = v + 21*l - 61. What is the greatest common divisor of 112 and v?
16
Let x = -209 - -237. What is the highest common divisor of x and 63?
7
Let h = -36 + 40. Suppose -3*s = -5*f + 76, -3 = h*f - s - 68. Suppose 0 = -o + 2*o - 170. Calculate the greatest common factor of f and o.
17
Suppose 3*x = -3*z - 0*x + 528, -3*x = -4*z + 697. Let y = z - 42. What is the greatest common factor of y and 38?
19
Let k be -6*9*(-1 + (-3 - -7)). Let g = -156 - k. Suppose 3*z - 11 + 2 = 0. What is the highest common divisor of g and z?
3
Let g(j) = -86*j - 136. Let l be g(-6). Calculate the greatest common divisor of 456 and l.
76
Let y(k) = -3*k + 114. Let i be y(-34). What is the highest common factor of i and 288?
72
Let a be 7/(-2)*(-32)/28 - -64. Let n = 15 - -15. Suppose -2*w + 4 = -n. What is the greatest common divisor of w and a?
17
Let b(j) = j**2 - 9*j - 6. Let k be b(8). Let f = -8 - k. Let t be f + -2*1/2. What is the highest common divisor of t and 5?
5
Suppose 0 = -3*r + 83 + 82. Suppose -5*f = -4*m + 7, -5*f - 24 = 2*m - 5. Let i be m/((16/(-22))/4). Calculate the highest common divisor of r and i.
11
Let m be (-8 + 9 + 5)*117/6. Calculate the highest common divisor of 195 and m.
39
Suppose -83*y - 41 = -290. Let i = 0 + 6. What is the highest common divisor of i and y?
3
Suppose -534 = -0*x + 3*x. Let p be (-2)/(-7) + x/(-14). Suppose -21 = -2*w - m, -11 + 16 = -m. What is the greatest common divisor of w and p?
13
Let t(a) = -7*a + 245. Let m be t(34). What is the greatest common divisor of m and 406?
7
Let q be (-6)/14 - (-1248)/(-28). Let n be (-96)/18*q*2/4. What is the highest common factor of 24 and n?
24
Let k(q) = -q**2 - q + 33. Suppose 6*b = -0*b. Let u be k(b). Let r = -23 + 56. Calculate the greatest common factor of r and u.
33
Suppose -479 = -5*q - 4*h, -476 = -5*q + h - 2*h. What is the highest common factor of q and 76?
19
Let s be (10/(-8))/((-1)/4). Suppose -5*t + 25 = 5*y, -2*t - 3*t = -y - 1. What is the greatest common factor of t and s?
1
Suppose -5*u + 3*x + x = -21, 0 = -u + 2*x + 3. Suppose 3*c = -5*i - 8 + 34, 0 = -i - u*c + 14. What is the highest common divisor of 4 and i?
4
Let j be (3 + -2)/(1/24). Suppose 5*p = p + l + 63, -2*p - 4*l + 36 = 0. What is the highest common factor of j and p?
8
Let u(d) = 3*d**2 - 14*d + 25. Let h(s) = 10*s**2 - 43*s + 76. Let j(g) = 2*h(g) - 7*u(g). Let v be j(6). Calculate the greatest common factor of 221 and v.
13
Let l(h) = 3*h - 26. Let k be l(6). Let q be 6/k*-1*48. What is the highest common factor of q and 12?
12
Suppose 527 = 8*i - 7*i + 4*t, -4*t + 1581 = 3*i. Calculate the greatest common divisor of i and 17.
17
Let d = 94 - 61. Suppose l + 3*l + 8 = 0. Let c be l*1/((-2)/33). What is the greatest common divisor of d and c?
33
Suppose -3*g = 55*g - 2668. What is the greatest common factor of g and 667?
23
Let q be (6 - 0)/6 + 1 + 0. Let x(v) = -v - 11. Let t be x(0). Let y = t + 25. What is the greatest common factor of y and q?
2
Suppose 5*d + i = 64, 6*d - 2*d - 4*i - 32 = 0. Suppose -8*p + 24 = 8. Calculate the greatest common factor of d and p.
2
Suppose -289*g + 277*g = -420. Calculate the greatest common divisor of g and 63.
7
Suppose -b + 4*b - 240 = 0. Let o(y) = y**2 + 35*y + 305. Let w be o(-20). Calculate the highest common factor of w and b.
5
Let t(w) = -w**2 + 11*w + 3. Let d be t(9). What is the greatest common factor of 70 and d?
7
Suppose 2*i + 4924 = 3*r + 698, r = -2*i + 1406. What is the greatest common divisor of 44 and r?
44
Suppose 4*i = -3*h + 22, -1 - 5 = -4*i + 5*h. Let t be 84/20 + i/(-20). Calculate the highest common factor of t and 44.
4
Let h = 16 + 8. Let c be 21*(-5)/(15/(-4)). Suppose p + c = 88. Calculate the greatest common divisor of p and h.
12
Let c be 4329/52 + 6/8. What is the greatest common divisor of c and 140?
28
Suppose -3*k - 5*p - 8 + 31 = 0, 3*p = 3*k - 15. Calculate the highest common factor of 10 and k.
2
Let j be 8/(-6) + (-6 - 500/(-15)). Calculate the greatest co